alse
Is 279 a factor of 103663?
False
Is 13435 a multiple of 21?
False
Is 944 a multiple of 16?
True
Is 7 a factor of 147?
True
Is 35 a factor of 245?
True
Does 4 divide 909?
False
Is 186 a factor of 3534?
True
Is 372 even?
True
Is 3464 a multiple of 16?
False
Is 7 a factor of 10570?
True
Is 10 a factor of 410?
True
Is 10 a factor of 290?
True
Does 16 divide 83872?
True
Does 15 divide 1050?
True
Is 32314 a multiple of 7?
False
Is 2060 a multiple of 63?
False
Does 9 divide 1301?
False
Is 12 a factor of 576?
True
Is 191 a factor of 7232?
False
Is 16 a factor of 1632?
True
Is 200 a factor of 51256?
False
Is 3028 a multiple of 144?
False
Is 3808 a multiple of 32?
True
Is 10 a factor of 45930?
True
Does 27 divide 405?
True
Does 27 divide 1134?
True
Is 845 a multiple of 5?
True
Is 10 a factor of 70?
True
Does 59 divide 10561?
True
Is 254 a multiple of 110?
False
Does 28 divide 8427?
False
Does 112 divide 3472?
True
Is 6731 a multiple of 127?
True
Does 31 divide 1060?
False
Does 52 divide 1646?
False
Does 8 divide 710?
False
Is 26 a factor of 1308?
False
Is 81 a factor of 56376?
True
Is 4 a factor of 1900?
True
Does 10 divide 420?
True
Is 9 a factor of 189?
True
Is 455 a multiple of 35?
True
Is 50 a factor of 398?
False
Is 5405 a multiple of 13?
False
Does 26 divide 30655?
False
Is 64 a factor of 13440?
True
Does 25 divide 4325?
True
Is 15730 a multiple of 92?
False
Is 8 a factor of 232?
True
Is 203 a multiple of 3?
False
Is 324 a multiple of 17?
False
Does 3 divide 258?
True
Does 41 divide 435?
False
Is 747 a multiple of 9?
True
Is 1643 a multiple of 32?
False
Does 31 divide 1756?
False
Is 4686 a multiple of 2?
True
Does 95 divide 1805?
True
Does 8 divide 1109?
False
Is 16 a factor of 80?
True
Does 10 divide 9318?
False
Does 10 divide 26931?
False
Is 636 a multiple of 6?
True
Is 54 a factor of 18792?
True
Does 15 divide 8670?
True
Does 12 divide 2136?
True
Is 114 a factor of 2350?
False
Does 5 divide 32098?
False
Is 4 a factor of 2931?
False
Is 690 a multiple of 22?
False
Is 846 a multiple of 47?
True
Does 16 divide 2520?
False
Does 18 divide 108?
True
Does 18 divide 414?
True
Is 839 a multiple of 10?
False
Is 146817 a multiple of 33?
True
Does 15 divide 1485?
True
Is 25536 a multiple of 76?
True
Is 240 a multiple of 20?
True
Is 13 a factor of 650?
True
Does 19 divide 646?
True
Does 67 divide 4958?
True
Does 9 divide 1845?
True
Is 17 a factor of 306?
True
Is 35 a factor of 4396?
False
Is 364 a multiple of 5?
False
Is 62287 a multiple of 91?
False
Does 8 divide 958?
False
Does 43 divide 817?
True
Is 260 a multiple of 5?
True
Does 9 divide 5822?
False
Does 10 divide 947?
False
Does 22 divide 175430?
False
Does 9 divide 8793?
True
Is 713 a multiple of 31?
True
Is 21130 a multiple of 161?
False
Is 25784 a multiple of 8?
True
Is 1200 a multiple of 10?
True
Does 37 divide 483?
False
Is 23 a factor of 414?
True
Is 242 a multiple of 30?
False
Is 646 a multiple of 19?
True
Is 15 a factor of 6866?
False
Is 15240 a multiple of 24?
True
Does 20 divide 880?
True
Is 20 a factor of 2068?
False
Is 4906 even?
True
Is 183 even?
False
Is 42106 a multiple of 38?
False
Is 12 a factor of 108?
True
Is 18 a factor of 1242?
True
Does 24 divide 432?
True
Is 18 a factor of 4878?
True
Is 59 a factor of 1734?
False
Does 15 divide 1455?
True
Does 6 divide 22866?
True
Is 166 a multiple of 4?
False
Does 17 divide 92310?
True
Is 24948 a multiple of 20?
False
Does 20 divide 55?
False
Is 48 a factor of 4748?
False
Is 637 a multiple of 6?
False
Does 12 divide 6000?
True
Is 11550 a multiple of 210?
True
Does 77 divide 110098?
False
Is 13 a factor of 9981?
False
Is 11 a factor of 1980?
True
Is 20 a factor of 10360?
True
Is 815 a multiple of 47?
False
Is 53249 a multiple of 59?
False
Is 326 a multiple of 3?
False
Does 25 divide 52000?
True
Is 102 a multiple of 4?
False
Does 17 divide 1785?
True
Is 40 a factor of 884?
False
Does 20 divide 5880?
True
Is 81856 a multiple of 76?
False
Is 72 a factor of 1440?
True
Is 810 a multiple of 30?
True
Is 5555 a multiple of 11?
True
Is 4313 a multiple of 4?
False
Is 4173 a multiple of 13?
True
Is 36931 a multiple of 20?
False
Is 16 a factor of 2532?
False
Does 7 divide 378?
True
Is 20 a factor of 200?
True
Is 10 a factor of 1160?
True
Is 1566 a multiple of 7?
False
Does 19 divide 23620?
False
Is 14 a factor of 21604?
False
Is 28 a factor of 37?
False
Is 2218 a multiple of 26?
False
Is 24 a multiple of 24?
True
Is 50 a factor of 2550?
True
Is 25 a factor of 1732?
False
Is 730 a multiple of 10?
True
Is 42 a factor of 2982?
True
Is 3 a factor of 196?
False
Is 47952 a multiple of 74?
True
Is 593 a multiple of 4?
False
Is 6 a factor of 15080?
False
Is 56430 a multiple of 44?
False
Is 25 a factor of 33100?
True
Is 42 a factor of 16464?
True
Is 15 a factor of 4875?
True
Is 60811 a multiple of 191?
False
Is 8981 a multiple of 7?
True
Is 38 a factor of 39330?
True
Is 127 a factor of 23557?
False
Does 47 divide 5573?
False
Is 13 a factor of 465?
False
Is 3 a factor of 491?
False
Is 9177 a multiple of 14?
False
Is 7392 a multiple of 21?
True
Is 616 a multiple of 14?
True
Is 51 a factor of 106692?
True
Is 34 a multiple of 8?
False
Does 4 divide 34?
False
Is 8 a factor of 1458?
False
Is 3220 a multiple of 35?
True
Is 1620 a multiple of 18?
True
Is 13 a factor of 1261?
True
Does 4 divide 97?
False
Is 510 a multiple of 11?
False
Is 15 a factor of 4438?
False
Does 6 divide 1525?
False
Is 47 a factor of 3525?
True
Does 40 divide 2720?
True
Is 4 a factor of 2423?
False
Is 10788 a multiple of 12?
True
Does 59 divide 179?
False
Is 29 a factor of 2291?
True
Is 238 a multiple of 7?
True
Is 1149 a multiple of 5?
False
Does 93 divide 6864?
False
Is 95 a factor of 11010?
False
Is 4 a factor of 20841?
False
Is 482 a multiple of 34?
False
Is 1876 a multiple of 14?
True
Is 158 a factor of 14081?
False
Is 42504 a multiple of 264?
True
Does 139 divide 98968?
True
Is 30 a factor of 6120?
True
Does 97 divide 8083?
False
Is 35 a factor of 1120?
True
Does 12 divide 258?
False
Does 6 divide 9?
False
Is 8906 a multiple of 24?
False
Does 12 divide 449?
False
Is 145 a factor of 5054?
False
Is 5748 a multiple of 25?
False
Is 2230 a multiple of 20?
False
Does 157 divide 8007?
True
Is 4851 a multiple of 13?
False
Is 285 even?
False
Is 97442 a multiple of 83?
True
Does 77 divide 92914?
False
Is 2 a factor of 236?
True
Does 10 divide 16359?
False
Is 31 a factor of 13117?
False
Is 10340 a multiple of 22?
True
Is 510 a multiple of 30?
True
Is 3 a factor of 14742?
True
Is 248 a multiple of 9?
False
Does 9 divide 19245?
False
Is 58 a factor of 406?
True
Is 40 a factor of 1880?
True
Is 2100 a multiple of 42?
True
Is 8 a factor of 2568?
True
Does 3 divide 8535?
True
Is 13 a factor of 5394?
False
Is 27 a factor of 10017?
True
Does 8 divide 193?
False
Is 45113 a multiple of 17?
False
Is 18648 a multiple of 168?
True
Does 37 divide 888?
True
Is 19881 a multiple of 178?
False
Is 5250 a multiple of 35?
True
Does 41 divide 2747?
True
Is 48 a multiple of 4?
True
Is 45 a factor of 1395?
True
Is 156 a multiple of 12?
True
Is 876 a multiple of 4?
True
Does 10 divide 1301?
False
Is 13770 a multiple of 18?
True
Is 960 a multiple of 64?
True
Does 4 divide 12912?
True
Is 34 a factor of 3434?
True
Is 129 a factor of 38184?
True
Is 5096 a multiple of 182?
True
Does 5 divide 1535?
True
Does 14 divide 42?
True
Is 6046 a multiple of 37?
False
Is 3068 a multiple of 26?
True
Does 36 divide 2700?
True
Does 106 divide 1239?
False
Is 9971 a multiple of 15?
False
Is 756 a multiple of 4?
True
Is 167 a factor of 6179?
True
Is 14832 a multiple of 9?
True
Is 5 a factor of 115?
True
Does 17 divide 11489?
False
Is 8 a factor of 1392?
True
Is 853 a multiple of 57?
False
Is 2891 a multiple of 50?
False
Is 8 a factor of 35?
False
Is 13 a factor of 22444?
False
Is 56 a factor of 13395?
False
Does 107 divide 7661?
False
Is 4692 a multiple of 12?
True
Does 17 divide 4339?
False
Does 181 divide 55205?
True
Is 123 a factor of 4428?
True
Does 3 divide 687?
True
Is 81 a factor of 24532?
False
Is 74 a factor of 2738?
True
Does 18 divide 1008?
True
Is 21 a factor of 1155?
True
Is 42 a multiple of 21?
True
Is 416 a multiple of 10?
False
Is 2 a factor of 45?
False
Does 5 divide 430?
True
Is 476 a multiple of 7?
True
Is 16 a factor of 1232